{"id":19,"date":"2014-08-15T11:47:27","date_gmt":"2014-08-15T08:47:27","guid":{"rendered":"http:\/\/cerchez.com\/amici\/?page_id=19"},"modified":"2019-05-04T16:41:50","modified_gmt":"2019-05-04T16:41:50","slug":"salads","status":"publish","type":"page","link":"http:\/\/olympia-bremen.de\/?page_id=19","title":{"rendered":"Vom Grill"},"content":{"rendered":"<p><div class=\"cerchez-menu-container\"><\/div><div class=\"cerchez-menu-item\"><div class=\"cerchez-menu-item-cell\"><h3>Kontoso\u00favli Chirin\u00f3<\/h3><p class=\"title-description\">Saftiger Spie\u00dfbraten aus Schweinefleisch vom Nacken, eingelegt in einer delikater Marinade. Dazu Kartoffelecken, Tzatz\u00edki und ein Gourmetsalat.<\/p><\/div><div class=\"cerchez-menu-item-cell\"><\/div><\/div><div class=\"cerchez-menu-item\"><div class=\"cerchez-menu-item-cell\"><h3>Souvl\u00e1ki Gemist\u00f3<\/h3><p class=\"title-description\">Mit Feta-K\u00e4se gef\u00fcllte Fleischspie\u00dfe nach Art des Hauses, dazu Pommes-Frites und ein Gourmetsalat.<\/p><\/div><div class=\"cerchez-menu-item-cell\"><\/div><\/div><div class=\"cerchez-menu-item\"><div class=\"cerchez-menu-item-cell\"><h3>TIPP - Kontoso\u00favli Kot\u00f3poulo<\/h3><p class=\"title-description\">Zartes H\u00e4hnchenfleisch am Spiess mit Pommes und einem Gourmetsalat. Empfehlung: dazu Metaxa-Sauce<\/p><\/div><div class=\"cerchez-menu-item-cell\"><\/div><\/div><div class=\"cerchez-menu-item\"><div class=\"cerchez-menu-item-cell\"><h3>Bift\u00e9ki Gemist\u00f3<\/h3><p class=\"title-description\">Mit Feta-K\u00e4se und sonnengetrockneten Tomaten gef\u00fclltes Hacksteak\u2028Dazu Pommes-Frites und ein Gourmetsalat. Auf Wunsch mit Minz-Joghurt statt Feta-K\u00e4se.<\/p><\/div><div class=\"cerchez-menu-item-cell\"><\/div><\/div><div class=\"cerchez-menu-item\"><div class=\"cerchez-menu-item-cell\"><h3>Bris\u00f3la<\/h3><p class=\"title-description\">Steak von der Schweinelachse mit Pommes-Frites und ein Gourmetsalat.<\/p><\/div><div class=\"cerchez-menu-item-cell\"><\/div><\/div><div class=\"cerchez-menu-item\"><div class=\"cerchez-menu-item-cell\"><h3>TIPP - Smirn\u00e4ika<\/h3><p class=\"title-description\">Hausgemachte Frikadellen in Tomatensalsa. Mit Fr\u00fchlingszwiebeln, Reis und \u2028einem Gourmetsalat.<\/p><\/div><div class=\"cerchez-menu-item-cell\"><\/div><\/div><div class=\"cerchez-menu-item\"><div class=\"cerchez-menu-item-cell\"><h3>Schweinefiletmedaillons \u00fcberbacken<\/h3><p class=\"title-description\">Zartes Schweinefilet vom grill in einer feinen Champignon-Rahm-Sauce und\u2028mit K\u00e4se \u00fcberbacken. Dazu Kroketten und ein Gourmetsalat. (Auf Wunsch mit Gorgonzola Sauce).<\/p><\/div><div class=\"cerchez-menu-item-cell\"><\/div><\/div><div class=\"cerchez-menu-item\"><div class=\"cerchez-menu-item-cell\"><h3>Olympia Pfanne<\/h3><p class=\"title-description\">Schweinefilet, H\u00e4hnchenbrustfilet und Schweinesteak in einer Champignonrahmsauce, dazu Kroketten und ein Gourmetsalat.<\/p><\/div><div class=\"cerchez-menu-item-cell\"><\/div><\/div><div class=\"cerchez-menu-item\"><div class=\"cerchez-menu-item-cell\"><h3>TIPP - Sik\u00f3ti Moskar\u00edsio<\/h3><p class=\"title-description\">Zarte Kalbsleber mit Cherry-Tomaten, Zwiebeln, Charly Paprika und&nbsp;Oliven\u00f6l in der Pfanne gebraten. Dazu Pommes-Frites und ein Gourmetsalat.<\/p><\/div><div class=\"cerchez-menu-item-cell\"><\/div><\/div><div class=\"cerchez-menu-item\"><div class=\"cerchez-menu-item-cell\"><h3>Korfu Grillteller<\/h3><p class=\"title-description\">Mit G\u00edros, 2 kl. Bifteki, gegrillte Tomate, Paprika, Pommes-Frites \u2028und ein Gourmetsalat. Auch als kleine Portion.<\/p><\/div><div class=\"cerchez-menu-item-cell\"><\/div><\/div><div class=\"cerchez-menu-item\"><div class=\"cerchez-menu-item-cell\"><h3>Naousa Grillteller<\/h3><p class=\"title-description\">Mit G\u00edros, 2 Lammkarree, gegrillte Tomate, Paprika, Pommes-Frites \u2028und ein Gourmetsalat. Auch als kleine Portion.<\/p><\/div><div class=\"cerchez-menu-item-cell\"><\/div><\/div><div class=\"cerchez-menu-item\"><div class=\"cerchez-menu-item-cell\"><h3>Kreta Grillteller<\/h3><p class=\"title-description\">Mit G\u00edros, Steak von der Schweinelachse, einem kl. Bifteki, gegrillte Tomate, Paprika, Pommes-Frites und ein Gourmetsalat.<\/p><\/div><div class=\"cerchez-menu-item-cell\"><\/div><\/div><div class=\"cerchez-menu-item\"><div class=\"cerchez-menu-item-cell\"><h3>Kav\u00e1la Grillteller<\/h3><p class=\"title-description\">Mit G\u00edros, H\u00e4hnchenbrustfilet, gegrillte Tomate, Paprika, \u2028Pommes-Frites und ein Gourmetsalat.<\/p><\/div><div class=\"cerchez-menu-item-cell\"><\/div><\/div><\/p>\n","protected":false},"excerpt":{"rendered":"","protected":false},"author":1,"featured_media":0,"parent":0,"menu_order":0,"comment_status":"open","ping_status":"open","template":"","meta":[],"_links":{"self":[{"href":"http:\/\/olympia-bremen.de\/index.php?rest_route=\/wp\/v2\/pages\/19"}],"collection":[{"href":"http:\/\/olympia-bremen.de\/index.php?rest_route=\/wp\/v2\/pages"}],"about":[{"href":"http:\/\/olympia-bremen.de\/index.php?rest_route=\/wp\/v2\/types\/page"}],"author":[{"embeddable":true,"href":"http:\/\/olympia-bremen.de\/index.php?rest_route=\/wp\/v2\/users\/1"}],"replies":[{"embeddable":true,"href":"http:\/\/olympia-bremen.de\/index.php?rest_route=%2Fwp%2Fv2%2Fcomments&post=19"}],"version-history":[{"count":11,"href":"http:\/\/olympia-bremen.de\/index.php?rest_route=\/wp\/v2\/pages\/19\/revisions"}],"predecessor-version":[{"id":478,"href":"http:\/\/olympia-bremen.de\/index.php?rest_route=\/wp\/v2\/pages\/19\/revisions\/478"}],"wp:attachment":[{"href":"http:\/\/olympia-bremen.de\/index.php?rest_route=%2Fwp%2Fv2%2Fmedia&parent=19"}],"curies":[{"name":"wp","href":"https:\/\/api.w.org\/{rel}","templated":true}]}}